9 a prime number?
False
Is 3222869 a prime number?
False
Is 18763543 composite?
False
Is 30939691 a composite number?
False
Is 34873627 a prime number?
True
Is 221293333 composite?
False
Is 2412471 a prime number?
False
Is 4693613 composite?
True
Is 65633089 a composite number?
True
Is 27757949 a prime number?
True
Is 237901 prime?
True
Is 6125749 prime?
False
Is 2135267 a prime number?
True
Is 6985851 composite?
True
Is 1996081 a composite number?
False
Is 39821035 composite?
True
Is 51103589 prime?
False
Is 10750237 prime?
False
Is 60153553 a composite number?
True
Is 204242357 a prime number?
False
Is 11655211 a prime number?
True
Is 17083177 a prime number?
True
Is 2911007 composite?
True
Is 257846129 prime?
True
Is 6078983 composite?
False
Is 743069 a composite number?
False
Is 253991 prime?
False
Is 11383511 composite?
False
Is 52942217 prime?
False
Is 38713057 composite?
True
Is 26542841 composite?
True
Is 1030769 prime?
False
Is 51520279 a prime number?
False
Is 304429 prime?
True
Is 594577 prime?
True
Is 13586113 composite?
False
Is 9440467 a composite number?
True
Is 10490509 composite?
False
Is 2359483 a composite number?
True
Is 7650022 a prime number?
False
Is 105027051 a composite number?
True
Is 16592599 a composite number?
False
Is 11055367 composite?
False
Is 25991629 a prime number?
True
Is 151045429 a prime number?
True
Is 11517289 a prime number?
False
Is 1879291 composite?
False
Is 619603 composite?
False
Is 491367223 a prime number?
True
Is 10565519 a composite number?
False
Is 127048503 prime?
False
Is 912334 a composite number?
True
Is 1147331 composite?
False
Is 52433 prime?
True
Is 650479702 prime?
False
Is 168970363 composite?
True
Is 340764611 composite?
True
Is 32861447 a prime number?
True
Is 1253231 a composite number?
True
Is 1883267 a composite number?
False
Is 17329703 prime?
False
Is 12362111 a composite number?
True
Is 198224149 composite?
False
Is 29148787 composite?
False
Is 14611001 composite?
True
Is 217064833 prime?
True
Is 280826867 a prime number?
True
Is 48916559 a composite number?
True
Is 13529471 a prime number?
True
Is 108058837 composite?
False
Is 92886343 a prime number?
False
Is 466897 prime?
True
Is 78118259 composite?
False
Is 5775289 composite?
True
Is 456882859 a composite number?
False
Is 5700439 composite?
False
Is 433331 prime?
False
Is 13309337 a prime number?
True
Is 4187303 composite?
False
Is 137495483 a prime number?
True
Is 340118095 a composite number?
True
Is 159281 a composite number?
True
Is 13816493 a composite number?
False
Is 397602977 a prime number?
True
Is 559699915 prime?
False
Is 308766833 a prime number?
True
Is 36981767 composite?
False
Is 45356303 a prime number?
True
Is 7245701 a prime number?
True
Is 237653359 a composite number?
False
Is 107202451 composite?
True
Is 3278753 composite?
False
Is 462237223 prime?
False
Is 50173229 prime?
False
Is 9663179 a composite number?
True
Is 64660679 composite?
True
Is 4334126 prime?
False
Is 143064161 a composite number?
False
Is 24397673 prime?
True
Is 377597 prime?
False
Is 7284073 composite?
False
Is 6945311 a composite number?
True
Is 3581605 a prime number?
False
Is 24071 a composite number?
False
Is 10711387 a prime number?
True
Is 39956527 a prime number?
False
Is 22897649 composite?
False
Is 12112073 composite?
True
Is 4311773 a prime number?
False
Is 2844091 a composite number?
True
Is 83221519 a composite number?
True
Is 4291751 a prime number?
True
Is 29442079 a composite number?
True
Is 2162497 prime?
True
Is 287538169 composite?
False
Is 10176683 a composite number?
True
Is 1074833 a composite number?
False
Is 97326449 composite?
True
Is 152459537 prime?
False
Is 975961541 composite?
False
Is 8921891 a prime number?
False
Is 6247307 prime?
False
Is 587974697 prime?
True
Is 131567207 prime?
False
Is 3254863 composite?
False
Is 105139553 composite?
False
Is 396116843 prime?
True
Is 38841161 a prime number?
True
Is 3559769 composite?
True
Is 3086471 a composite number?
False
Is 3004181 a composite number?
False
Is 2242267 prime?
False
Is 13540453 a prime number?
False
Is 23378579 prime?
False
Is 225793345 composite?
True
Is 151022029 prime?
True
Is 104226893 prime?
True
Is 12492041 a composite number?
True
Is 1422899 a prime number?
True
Is 22191101 prime?
True
Is 10323409 a prime number?
False
Is 19618397 composite?
False
Is 9038973 prime?
False
Is 508813651 a prime number?
True
Is 2474011 prime?
False
Is 6894859 composite?
False
Is 29002819 composite?
True
Is 39204743 a prime number?
True
Is 13225931 a prime number?
True
Is 1045799 a composite number?
False
Is 29364989 prime?
False
Is 40656893 a composite number?
True
Is 137980751 composite?
False
Is 9584173 a composite number?
False
Is 6734477 composite?
False
Is 95283017 a prime number?
True
Is 6736459 a composite number?
True
Is 3962689 prime?
True
Is 30853703 a composite number?
False
Is 497681 prime?
False
Is 4075717 prime?
True
Is 5629097 prime?
True
Is 55049 a composite number?
False
Is 25116937 a prime number?
True
Is 8501 prime?
True
Is 16717577 a composite number?
False
Is 46251767 composite?
False
Is 70957379 prime?
False
Is 25577381 prime?
True
Is 12126187 a prime number?
True
Is 1738928515 a prime number?
False
Is 1954117 a composite number?
True
Is 7280263 a prime number?
True
Is 5537149 composite?
False
Is 38127563 composite?
False
Is 50396597 a composite number?
False
Is 15167167 prime?
True
Is 7722959 a composite number?
True
Is 232969903 a composite number?
False
Is 39675791 composite?
False
Is 18646183 prime?
False
Is 28601431 a composite number?
False
Is 12754433 prime?
False
Is 742933 prime?
False
Is 237174634 a composite number?
True
Is 24464693 a composite number?
True
Is 9667633 a prime number?
True
Is 15176641 prime?
True
Is 206399077 composite?
True
Is 22987873 a prime number?
True
Is 132785777 a prime number?
False
Is 312638 a prime number?
False
Is 1143551 prime?
True
Is 5828411 a prime number?
False
Is 49340143 composite?
False
Is 2515174 composite?
True
Is 36587797 composite?
True
Is 218579 a prime number?
True
Is 265739569 composite?
False
Is 8046983 composite?
True
Is 34159751 a prime number?
True
Is 2600363 a prime number?
False
Is 36035579 a composite number?
False
Is 2596021 a prime number?
True
Is 9393347 a composite number?
True
Is 3999005 a prime number?
False
Is 2767639 composite?
True
Is 10201371 a composite number?
True
Is 7084823 a composite number?
True
Is 126900083 prime?
False
Is 4561723 composite?
False
Is 1541003 prime?
True
Is 815957 a composite number?
True
Is 344377 composite?
True
Is 14631247 a composite number?
False
Is 18397939 prime?
False
Is 62941799 prime?
False
Is 7032979 prime?
False
Is 3769627 a prime number?
False
Is 206879 composite?
False
Is 4051877 a composite number?
False
Is 21784559 composite?
False
Is 46739499 composite?
True
Is 7912669 composite?
False
Is 4481003 a composite number?
False
Is 11948491 a prime number?
True
Is 1160057 a composite number?
False
Is 10280423 a prime number?
True
Is 10119341 prime?
False
Is 17850677 composite?
True
Is 2308678 a prime number?
False
Is 40989643 a prime number?
True
Is 42067939 composite?
False
Is 336140921 a composite number?
False
Is 64339927 prime?
True
Is 301970929 prime?
False
Is 36834539 composite?
True
Is 69428839 a composite number?
True
Is 21953731 prime?
False
Is 1096673 a prime number?
True
Is 130081453 a composite number?
False
Is 88674347 prime?
False
Is 2312677 composite?
False
Is 82853489 a prime number?
True
Is 2216111 composite?
True
Is 9904117 a composite number?
False
Is 7708189 a composite number?
False
Is 2049619829 prime?
False
Is 126807295 a prime number?
False
Is 979691 a prime number?
True
Is 35887 prime?
False
Is 22572113 prime?
True
Is 4911451 a composite number?
False
Is 215530373 a composite number?
False
Is 673997 a composite number?
True
Is 39230771 composite?
False
Is 4185509 a prime number?
True
Is 7894583 composite?
True
Is 9167761 a prime number?
False
Is 853891 a composite number?
True
Is 2439709 a composite number?
True
Is 54569213 a prime number?
False
Is 80857243 composite?
True
Is 3165907 a prime number?
True
Is 276843037 composite?
False
Is 84240111 a prime number?
False
Is 19952879 a composite number?
True
Is 